he hundreds digit of c(8)?
8
Let y(s) = s**3 - s**2 + 126. Let n be y(0). Suppose f + 2*z = -0*f + 43, -3*f = 3*z - n. What is the units digit of f?
1
Suppose -3*j + 16 = j. Suppose u + 3 = j. What is the tens digit of ((-57)/(-12))/(u/8)?
3
Let s be 28/21 - 4/(-6). Let m be (-84)/(-9)*9/s. Suppose -v + 12 - 1 = l, -m = -4*l - 2*v. What is the units digit of l?
0
What is the units digit of 5/(-75)*9*-5?
3
What is the units digit of (-1)/((-3150)/(-3156) + -1)?
6
Let w(y) = y**2 - 14. Let m be w(-9). Suppose -4*c - 5*f = -9*c + 245, c - m = -5*f. What is the units digit of c?
2
Let p = 4388 - 2367. What is the thousands digit of p?
2
Suppose 0 = 4*t, 3*t - 1 - 49 = -q. Let p be ((-2)/5)/((-5)/q). Suppose 0 = s + 3*b + p - 5, 16 = 3*s - 4*b. What is the units digit of s?
4
What is the hundreds digit of ((-723)/6)/((-7)/28)?
4
Let f = 624 - 444. Let y = f - 109. What is the units digit of y?
1
Let p(b) = -44*b + 32. What is the hundreds digit of p(-10)?
4
Suppose -3*u + 1 = f, 1 = 2*f + 4*u - 9. What is the units digit of -2*1 - (f + -2)*-1?
9
Suppose 4*p = -5*a - 277, 5*p + 280 = -0*a - 5*a. Let b = a - -59. What is the units digit of b?
6
Let k(o) = -o**2 - 17*o + 1. Let t be k(-12). Suppose 150 = t*l - 56*l. What is the tens digit of l?
3
Suppose 0 = -35*r + 52578 - 8093. What is the units digit of r?
1
Let d = 12 - 7. Let u(k) = 15*k + 40. Let w be u(9). Suppose 5*m = 5*l + w, 3*m - d*l - 141 = -36. What is the tens digit of m?
3
Let s(q) = 4*q**2 + 20*q + 4. Let x be s(-5). Suppose 835 + 313 = x*i. What is the units digit of i?
7
Let j(m) = -70*m - 388. What is the hundreds digit of j(-26)?
4
Let o(q) = -q**3 + 7*q**2 + 11*q + 4. Let a be o(8). Suppose 118 = d + a. Suppose d = 6*s - s. What is the tens digit of s?
1
Let o be 8/(-44) - (-1020)/44. Suppose -2*k + 14 = f - o, -k + 4*f = 4. What is the units digit of k?
6
Let p = -39 - -41. Suppose -1892 = -p*f - 9*f. What is the units digit of f?
2
Suppose 3*h = 5 + 4, -3*x = -3*h - 3. Suppose -4*z - 5 = 15, z - x = -d. What is the units digit of d?
9
Let s(y) = y**3 - 2*y**2 - 12*y - 5. Let v be s(6). What is the units digit of (-4)/(-8)*v*2?
7
Suppose 5*b - 3786 + 723 = -2*h, 5*h + 5*b - 7650 = 0. What is the units digit of h?
9
What is the thousands digit of 10/(((-39)/(-549))/13)?
1
Let o be (-6)/15 + (-154)/(-35). Let g(y) = 2*y**3 - 7*y**2 + 6*y. Let z be g(o). Suppose -u = -2*u + z. What is the units digit of u?
0
Suppose 3*i + 0*m - 2868 = -4*m, 2*m = 4*i - 3846. Suppose 6*z - i = z. What is the hundreds digit of z?
1
Let u = 15 + -12. Suppose -5*a + 2*a = -u. What is the tens digit of (2 - a)/((-4)/(-196))?
4
Let j = 4165 - 2059. What is the tens digit of j?
0
Suppose 4*z = 6*z - 5*b - 3254, -4839 = -3*z - 3*b. What is the hundreds digit of z?
6
Let a be (-11 - 1)*(-2)/6. Suppose -3*j + 4*j + 9 = a*h, 3*h - 3*j = 0. What is the units digit of h?
3
Let k(q) = -2*q**3 - 21*q**2 - 21*q - 9. What is the tens digit of k(-11)?
4
Suppose -9*p + 2486 = -4813. What is the tens digit of p?
1
Let o(r) = 10*r**2 + 10*r + 135. Let z(w) = -3*w**2 - 3*w - 45. Let n(a) = -2*o(a) - 7*z(a). What is the tens digit of n(0)?
4
Let d(y) = -45*y**3 + 4*y**2 + 2*y - 2. Let i be d(-2). Let f = i - 246. What is the tens digit of f?
2
Let n be (-12)/(-18) - (-1)/3. Let w be (-3)/2*(-31 + n). Suppose -4*k + w = k. What is the units digit of k?
9
Suppose -43*p - 74530 = -211485. What is the thousands digit of p?
3
Let a(d) = -4*d - 32. Suppose -9*n + 11 - 164 = 0. What is the units digit of a(n)?
6
Suppose 0 = -0*s - 6*s + 24. Suppose -s*c = -80 - 20. Suppose -f - 4 + c = 0. What is the units digit of f?
1
Suppose -2*u + 3*l + 1984 = 0, 5*u - 2*l - 7159 = -2210. What is the tens digit of u?
8
What is the units digit of 4 + 542 + 4 + 0/1?
0
Let f(k) = -3*k**3 - 11*k**2 - 10*k - 17. What is the units digit of f(-7)?
3
Let h be (-3)/(-5) + (-6)/10. What is the tens digit of (154 - -7) + (-2 - h) + 6?
6
Let n(t) = 1 + 0*t**2 - 59*t + 2*t**3 + 63*t - 5*t**2. Let q be n(4). What is the units digit of 8/2*q/10?
6
What is the units digit of 268750/90 + (-8)/(-9)?
7
Let d(q) = -q**2 + 13*q + 18. Let t = -35 - -49. What is the units digit of d(t)?
4
Suppose 7*n - 2*n - 5*j = 5, -12 = -4*n - 4*j. Suppose 3*k = n*k + 1. Suppose 17 = 3*u - h + k, 5*u - 40 = 5*h. What is the units digit of u?
4
What is the units digit of -8*32*-9 - 6?
8
Let x be 41 + (-4)/(-1) + -1 + -1. Suppose 2*o - x - 45 = 0. What is the units digit of o?
4
Let o(r) = -r**3 - 2*r**2 + r + 5. Let y be o(-2). Let f(d) = 77*d + 11. What is the units digit of f(y)?
2
Let q(t) = 3 - 2*t - 2 + 4*t. Let h be q(7). Let o = h - 11. What is the units digit of o?
4
Let l(u) = 0*u - 25 + 13*u - 2*u - u. What is the units digit of l(11)?
5
Let m = 22 + 12. What is the tens digit of m?
3
Let z(s) = s - 11. Let j be z(15). Let m = -3 + j. What is the units digit of m?
1
Let f(i) = -i - 15. Let s(p) = -p**2 - 4*p + 6. Let a be s(-7). Let o be f(a). Suppose o = -33*l + 31*l + 90. What is the tens digit of l?
4
Let h = 2 + -7. Let o = h + 9. Suppose 6 = 3*f - 5*l, -o*f + 3*l + 10 + 9 = 0. What is the units digit of f?
7
Let l = -65 + 282. Suppose -2*h + 329 = -l. What is the tens digit of h?
7
Let h(m) = -m**3 - 5*m**2 - m. Let n be h(-5). Suppose n*o - 2*g = 259, 0 = -3*o + 5*g - 0*g + 163. Suppose w = -14 + o. What is the units digit of w?
7
Suppose 2*r = 3*n + 7, -4*r - 3*n - 9 = 4. What is the tens digit of (1 - 18)/(0 + r)?
1
Let q(l) be the second derivative of 11*l**4/12 - l**3 + 13*l**2/2 + 4*l. What is the units digit of q(3)?
4
Let a(k) = 399*k - 2. What is the units digit of a(1)?
7
Let t(g) = 53*g - 6. Let c be (4 + 30/(-9))*3. What is the hundreds digit of t(c)?
1
Suppose -12292 = 121*f - 128*f. What is the tens digit of f?
5
Suppose -3*h + 730 = 2*h. Let j = h + -62. Let t = -58 + j. What is the units digit of t?
6
Let c be (-10)/6*(-176 + -1). Suppose -2600*o = -2598*o. Suppose 4*l + 3 = 5*i + c, o = -2*l + i + 146. What is the units digit of l?
3
Let l = 435 - 372. What is the tens digit of l?
6
Suppose -3*c - y = -4*c + 16, 2*c - 37 = 3*y. Suppose 0 = 5*g + c + 4, 3*d - g - 411 = 0. What is the hundreds digit of d?
1
Suppose 4*x - 2*v - 20192 = 0, 111*x = 108*x + 4*v + 15149. What is the thousands digit of x?
5
Suppose 2*p + 4*r - 54 = -0*r, 0 = 4*r - 4. Suppose -g + p = 14. What is the tens digit of g?
1
Let o(l) = 2*l**2 + 6*l + 1. Let m be o(-6). Let p = 94 - m. Let n = p + -32. What is the units digit of n?
5
Suppose -3*j + 0*m + 100 = 5*m, j = -3*m + 40. What is the units digit of j?
5
Let i(d) = -37*d + 3. Let g = -14 + 12. What is the units digit of i(g)?
7
What is the hundreds digit of (-40 - -47) + (1179 - 0)?
1
Suppose 2*f + 468 = 5*f. Suppose -196 - f = -4*r. What is the tens digit of r?
8
Suppose 0 = -j - 3*j + 5*h + 2499, 2*h = -6. Let o be j/(-33) - 2/11. Let g = 27 + o. What is the units digit of g?
8
What is the tens digit of ((-509)/(-4))/(-3 - (-52)/16)?
0
Let u = 53 - 37. Suppose 0 = -5*q + u + 84. What is the units digit of q?
0
What is the hundreds digit of (3174/207)/((-4)/(-138))?
5
Suppose -j + 2*q - 1 = 0, -2*j + j - 2*q = -7. What is the tens digit of (-1)/((-636)/(-213) - j)?
7
Let h = 43 - 28. Suppose -h*c + 19*c = 420. What is the tens digit of 2*(c/6 + 3)?
4
Let w be (2/(-6)*1)/(2/6). What is the tens digit of (1 + 1/1)/(w/(-57))?
1
Let t(h) = 6*h - 5. Let u be t(5). Suppose -u = -5*q + 45. What is the tens digit of q?
1
Let w(u) = -1034*u**3 - 8*u - 8. What is the hundreds digit of w(-1)?
0
Let v(t) be the first derivative of t**5/24 - t**4/8 + 2*t**3 - 6. Let c(y) be the third derivative of v(y). What is the tens digit of c(5)?
2
Let v(l) be the first derivative of -l**5/60 + l**4/2 - 3*l**3/2 + 2*l**2 - 5. Let b(d) be the second derivative of v(d). What is the units digit of b(9)?
8
Suppose 7*l - 6 = 5*l. Suppose 3*r = -l + 21. What is the units digit of (-47)/(-4)*(r - 2)?
7
Let f(z) = -1470*z + 38. What is the units digit of f(-1)?
8
Suppose 13*y - 275 = 2*y. Let i = y + 111. What is the tens digit of i?
3
Suppose -10727 - 7075 = -43*x. What is the tens digit of x?
1
Suppose 3*s - s - 8 = 0. Let v(b) = 2*b + 9*b + 4*b - 5*b + s. What is the units digit of v(4)?
4
Let n(x) = x**2 - 3*x - 2. Let m be n(0). What is the hu